 40/4 is divided by d?
19
Suppose 8*j = 11*j - 318. Suppose j*v - 7 = 105*v. What is the remainder when 10 is divided by v?
3
Let u = 8 + -5. Suppose 2*g + u*p - 33 = -2, -4*p + 12 = 0. What is the remainder when g is divided by 3?
2
Let j be (1/2)/(1/146). Suppose 5*m = 2*k + j, -3*k - 72 = -4*m + 2*k. What is the remainder when m is divided by 4?
1
Suppose -6*f + 11*f = -z + 11, z - 5*f = 11. What is the remainder when 76 is divided by z?
10
Let x = -37 - -36. Let z(t) = t**2 + 6*t - 4. Calculate the remainder when x/(-6) + 106/12 is divided by z(-7).
0
Suppose -g - 80 = 4*m, 0 = -m - 5*g - 11 - 9. Let l = -22 - m. Let s = 1 - l. Calculate the remainder when 9 is divided by s.
0
Suppose -760 = t - 11*t. Let y = t + -23. What is the remainder when y is divided by 19?
15
Let t = -266 + 289. Calculate the remainder when 88 is divided by t.
19
Let i(u) = 20*u + 882. What is the remainder when i(-8) is divided by 28?
22
Let r(o) = -o**3 + 29*o**2 - 26*o - 360. What is the remainder when r(27) is divided by 50?
46
Let z = -2371 + 2559. Calculate the remainder when z is divided by 24.
20
Let k(l) = -l**3 - 2*l**2 + 4*l + 4. Let b be k(-4). What is the remainder when b/30 + (-284)/(-6) is divided by 17?
14
Let k(p) = 3*p + 2*p - 4*p + 1. Calculate the remainder when 2752/196 + (-48)/1176 is divided by k(7).
6
Suppose 2*z = -3*c - 5 - 40, -4*c + 3*z - 60 = 0. Let v = c - -30. Calculate the remainder when 59 is divided by v.
14
Let t be (2 - 0)*(-2)/(-4). Let h be 6/t + -1 + 1. Suppose 0 = -u + 5*l + 38, -h*u + 5*l + 92 = -2*u. Calculate the remainder when u is divided by 7.
4
Let q(n) = -n**3 + 10*n**2 - 8*n - 10. Let y be q(8). Suppose -5*x + 8*x + 5*b - 38 = 0, -3*x + y = -3*b. Calculate the remainder when 31 is divided by x.
15
Let p(u) = u**3 - 28*u**2 + 115*u + 7. Calculate the remainder when (-17)/((-9)/(-3) - 4) is divided by p(23).
3
Suppose 5 = 5*p + 10. Let g(h) = 7*h**2 + 1. Let q be g(p). Suppose 2*d - 192 = -4*i - 44, 0 = 2*d + q. What is the remainder when i is divided by 14?
11
What is the remainder when (5/(-25))/(3/(-3435)) is divided by 7?
5
Let l be 3*(4/(-12) + 1). Suppose 24 = a + l*a. Suppose a + 10 = 3*z. What is the remainder when 21 is divided by z?
3
Let j = -6 + 16. Suppose 0 = 312*f - 264*f - 720. Calculate the remainder when f is divided by j.
5
Suppose -29 + 67 = 2*q. What is the remainder when q is divided by 13?
6
Suppose -116 = -4*a + 3*m, -3*a + 17 = 5*m - 70. Suppose -7*u + 662 = 81. Calculate the remainder when u is divided by a.
25
Suppose -336 = -5*w + 3*b + 906, -5*w - 2*b + 1222 = 0. What is the remainder when w is divided by 83?
80
Suppose -2*n - 6 = 0, -6*n + 3*n = -4*l + 5. Calculate the remainder when 70 is divided by 2/1*l - (3 + -41).
34
Let v(a) = a**2 + 13*a + 71. Calculate the remainder when 554 is divided by v(-4).
29
Let v(n) = -5*n + 63. Let o be v(-6). Suppose m = 2*c + o, 0*c - c = 5*m - 432. Calculate the remainder when m is divided by 22.
21
Let k be -4 - (8/(-4) - 0). Let z be 11/4 + k/(-8). Calculate the remainder when z*8/(-6) - -7 is divided by 1.
0
Let y = -304 - -315. Calculate the remainder when 119 is divided by y.
9
Let m = 46 + -43. Suppose 6 = -a + 3*d, 2*d = 4*a - a - m. What is the remainder when 7 is divided by a?
1
Suppose -13*b + 416 = -9*b. Suppose -26*o = -22*o - b. Calculate the remainder when o is divided by 5.
1
Let k = 21 - 11. Let u = -50 + 57. Let s = u - -32. Calculate the remainder when s is divided by k.
9
Suppose d - 2*n = -9, 2*n - 69 = 6*d - d. Let f = d + 13. What is the remainder when 17 is divided by (-1 - (f + -5)) + 0?
5
Let r be (-10 + (1 - 1))/(-2). Suppose 1 - r = -2*a. What is the remainder when 5 is divided by a?
1
What is the remainder when 132 is divided by (-134)/(-8) + (-166)/(-664)?
13
Let i be (2 - 1)*(3 - -18). Let h = -10 + i. Calculate the remainder when 43 is divided by h.
10
Let j(q) = 23*q**2 - q - 1. Suppose -4*f + 364 = 120. What is the remainder when f is divided by j(1)?
19
Suppose 0 = -5*s - 20, 6*f = 2*f - 3*s + 344. What is the remainder when f is divided by 50/40*(-48)/(-1 - 1)?
29
Let t(j) = -j**3 + 4*j**2 + 15*j - 10. Let g be 4/(-4) + 0 + 7. What is the remainder when t(g) is divided by 3?
2
What is the remainder when 122 + 24 + 2/2 is divided by 10?
7
Suppose 2*q + 2*b - 14 = 0, 1 - 9 = -2*q + 4*b. Suppose -12*k + q = -9*k. What is the remainder when 2 is divided by k?
0
Let o = 193 + -100. Calculate the remainder when o is divided by 33.
27
Let r(j) = 4 - 57*j + 2 - 4 - j**2 + 55*j. What is the remainder when 16 is divided by r(-2)?
0
Suppose -17*p + 120 = -12*p. Suppose 0 = -i - 3*i + p. What is the remainder when i is divided by 4?
2
Let s = 2 + -13. What is the remainder when 21 is divided by ((s - 1) + 3/(-3))/(-1)?
8
Let j = -210 + 231. Calculate the remainder when 104 is divided by j.
20
Let w = -252 + 266. Let n = -34 - -74. What is the remainder when n is divided by w?
12
Suppose 0 = 19*i - 12*i - 560. Suppose l - 6*l + 28 = 3*x, 0 = 4*x - 4*l - i. Calculate the remainder when 18 is divided by x.
2
Suppose -3627*x + 3631*x - 348 = 0. Calculate the remainder when x is divided by 9.
6
Let r = -116 - -65. Let f = r + 69. What is the remainder when f is divided by 2/(-2)*-11*1?
7
Let s = 1149 - 1141. What is the remainder when 294 is divided by s?
6
What is the remainder when 88 is divided by (-25)/4 + 18/(-24) - -40?
22
Suppose 5*k = -2*t + 297, -k - 56 = -2*k + 3*t. Suppose k = 5*s - 1. Calculate the remainder when s is divided by 8.
4
Let w(y) be the first derivative of 23*y**2/2 - y + 7. Let t = 7 - 3. What is the remainder when w(t) is divided by 23?
22
Suppose 5*u - 611 = 619. Calculate the remainder when u is divided by 8.
6
Let g(o) = -32*o - 148. What is the remainder when 438 is divided by g(-6)?
42
Suppose 0 = -5*b - 0*s + 2*s + 14, 5*b + s = 8. Let r be -2 - (-1*27 - b). Let a = r - 20. Calculate the remainder when a is divided by 2.
1
Let a = -14 - -22. Let w be -1 + -1 + 0/(-9). Let y(t) = -3*t**3 - 2*t**2 - 2*t + 2. What is the remainder when y(w) is divided by a?
6
Let b(t) = -t**3 + 3*t**2 + 10*t + 2. Suppose 1 = -n + 10. What is the remainder when b(-3) is divided by n?
8
Suppose -4*n + 0*n + 4*g = -168, -5*n - 5*g + 210 = 0. Calculate the remainder when 67 is divided by n.
25
Suppose 37*i = 18*i + 1501. Calculate the remainder when 308 is divided by i.
71
Let a(t) = -t**3 - 11*t**2 + 4*t - 6. Let l be a(-11). Let j = l + 55. Calculate the remainder when (-1)/2 + (-17)/(-2) is divided by j.
3
Suppose -4*x - 21*b + 17*b + 628 = 0, -b = 4*x - 625. What is the remainder when x is divided by 23?
18
Calculate the remainder when (-17800)/(-270) + (-2)/(-27) is divided by 31.
4
Let g = 1500 - 1473. What is the remainder when 917 is divided by g?
26
Let b = -12 - -21. Suppose -4*q + 20 = a, 3*q = -0*q - b. Calculate the remainder when a is divided by 9.
5
Let c(k) = 3*k + 3. Let p be c(-4). Let f = p - -36. Calculate the remainder when f is divided by 7.
6
Suppose -3*b = -5*r + 115, 4*b + 4*r = 3*r - 161. Let w be ((-29)/(-3))/((-31)/93). Let g = w - b. Calculate the remainder when g is divided by 3.
2
Suppose -13 = -v + 5*y + 33, -y = 3*v - 58. What is the remainder when ((40/30)/(-4))/((-1)/186) is divided by v?
20
Suppose 7*c - 28 + 2 = 9. Calculate the remainder when 14 + 2/(-2) + 0 is divided by c.
3
Let s be (-18 - -21) + 2/4*0. Suppose -5*k = 2*l + 3*l - 510, 114 = k - s*l. Calculate the remainder when k is divided by 36.
33
What is the remainder when 3 + (7 - (-118 + 2)) is divided by 66?
60
Let k(u) = 3*u**3 + 7*u**2 + 9*u - 4. Let b(l) = 6*l**3 + 14*l**2 + 18*l - 8. Let g(c) = -3*b(c) + 5*k(c). What is the remainder when g(-3) is divided by 26?
23
Let y(h) = h**3 + 5*h**2 - 9*h + 6. What is the remainder when y(7) is divided by 28?
27
Suppose 198 = 3*o + 3*h, 4*o - 28 = -5*h + 234. Suppose o = 7*t - 387. What is the remainder when t is divided by 22?
21
Let n = -1320 - -1359. What is the remainder when 174 is divided by n?
18
Let o = -10 + 14. Suppose 0 = -2*r + r + o. Suppose -13*y = -18*y + 45. What is the remainder when y is divided by r?
1
Let n = -2 - -31. Suppose -6*b - 2*b + 912 = 0. What is the remainder when b is divided by n?
27
Let g(c) = -c - 3*c + 0*c**2 + 16*c**2 + 2*c. Let k = -9 - -13. W